2
Suppose 83*n - 2073 - 21084 = 0. Calculate the greatest common divisor of n and 1767.
93
Let g = 69 + -42. Suppose -1534*d - 118369 + 573967 = 0. Calculate the greatest common divisor of d and g.
27
Suppose 0 = -181*m + 187*m + 17556. Let g be -13 + m/(-126) - 2/9. Calculate the highest common divisor of g and 390.
10
Let h be ((-2)/2)/(78/(-36) - -2). Suppose 2*s + 32 = h*s. Suppose -110 = -s*a + 6*a. What is the greatest common divisor of a and 220?
55
Let h = 7799 + -4441. Calculate the highest common divisor of 46 and h.
46
Let i(d) = -313*d + 12. Suppose -1 = 478*g - 477*g. Let q be i(g). Calculate the highest common divisor of q and 13.
13
Suppose 0 = -z - 5 + 47 - 0. What is the greatest common factor of 12453 and z?
21
Let m = 4 - -17. Suppose -2*x = m - 85. Suppose 0 = -z + 5*z - 1024. Calculate the highest common divisor of z and x.
32
Suppose 2432*s = 2433*s - 3*n - 364, 1940 = 5*s - 5*n. Suppose 2*v = 43 + 7. Calculate the greatest common divisor of s and v.
25
Suppose 10*t + 22 = 15*t + 4*a, a + 3 = 3*t. Calculate the highest common factor of 8678 and t.
2
Suppose 5*c + 0*w + 1497 = 2*w, -3*c = -5*w + 902. Let y = 530 + c. Calculate the highest common divisor of 21 and y.
21
Suppose 4*o - 28 = 2*z - 6*z, 3*o - 14 = -2*z. Suppose -2*j = -z*j + 100. Let f be 1*(-1 + -1 - -22). What is the greatest common factor of f and j?
20
Let b(l) = l**3 + 12*l**2 - 7*l + 30. Let y be b(-8). Let a = -327 + y. What is the greatest common divisor of a and 615?
15
Let g(f) = -f**3 + 11*f**2 + 9*f + 1. Let j be g(12). Let n be (3 + -10)*5/j*3. Calculate the greatest common divisor of n and 54.
3
Suppose -2*t + 2*z = -612, t + 1222 = 5*t - 3*z. Suppose 13*q - 187 = 45 - 24. Calculate the greatest common factor of q and t.
16
Suppose 0 = 108*s - 12165 - 30603. Calculate the greatest common factor of s and 72.
36
Let m = -1615 - -2551. What is the highest common factor of m and 72?
72
Let o be 19896/44 - 8/44. What is the highest common factor of 4 and o?
4
Suppose 3*z + s - 31 = 0, 4*z + 13*s = 12*s + 41. Let h be 4324/16 - 2/8. Calculate the greatest common factor of h and z.
10
Suppose 0 = -2*q - t + 103, -362*q = -357*q - 5*t - 295. Calculate the highest common divisor of q and 1068.
6
Let j = -34 - -26. Let r be ((-18)/j)/(183/(-60) - -3). Let f be (3/3 + -3)/(9/r). Calculate the highest common divisor of 80 and f.
10
Suppose 206*s = 226*s - 1900. Suppose -4*h - h - 15 = 0. Let n be (114/(-8))/(h/8). What is the highest common divisor of s and n?
19
Suppose 53*c - 61*c - 8 = 0. Let a(j) = -19*j**3 + 2*j**2 - j - 2. Let z be a(c). Calculate the greatest common factor of 70 and z.
10
Suppose -3*u - 28 = u - 11*u. Suppose 2*d + 35 - 94 = -3*z, 0 = 2*z - 10. What is the highest common factor of d and u?
2
Let z(m) = 127*m - 5681. Let n be z(45). Calculate the highest common divisor of n and 1394.
34
Suppose -18*r - 1796 = -10220. Calculate the highest common divisor of r and 819.
117
Let i(f) = 2*f**2 - 19*f - 26. Let g(q) = -3*q**2 + 39*q + 52. Let a(y) = -3*g(y) - 5*i(y). Let z be a(-19). What is the greatest common divisor of z and 1?
1
Let k = 242 - -1496. Calculate the highest common factor of 66 and k.
22
Suppose -2*v = 761*c - 766*c - 116, 0 = 4*c + 16. What is the highest common divisor of 318 and v?
6
Suppose -2*u = 3*q - 264, 5*q + 2*u = 8*q - 276. Calculate the highest common factor of q and 5940.
90
Let m = -49 - -48. Suppose 2122 = 16*v + 426. Let b be m/(-1 + ((-416)/v)/(-4)). Calculate the greatest common divisor of b and 477.
53
Let f(j) = 15*j + 7. Let w be f(3). Suppose -g = -h - 8, 2*h + 3*h + g + w = 0. Let c be 7/21*-1 - h/3. Calculate the highest common divisor of 27 and c.
3
Let j(z) = 72*z + 13. Let r be j(11). Let q = -557 + r. Calculate the greatest common factor of 186 and q.
62
Let k(z) = -3*z**3 + 4*z**2 - 12. Let s = 65 - 68. Let n be k(s). Calculate the greatest common divisor of 15 and n.
15
Suppose 40652*m - 40701*m + 82 = -212. Suppose -5*b - 3*p + 107 = 0, 87 = 4*b - 2*p + 3*p. Calculate the highest common factor of b and m.
2
Let q(y) = -3*y - 43. Let d be 2/(-7) - (-414)/(-21). Let z be q(d). Calculate the greatest common factor of 272 and z.
17
Let n(j) = 143*j + 18148. Let i be n(-120). Calculate the greatest common divisor of 936 and i.
52
Let x = -392 - -646. Let i = x - 238. What is the highest common factor of i and 56?
8
Let z be 6/9 - (-28)/12. Suppose z*x - 118 + 1 = 0. What is the greatest common factor of 52 and x?
13
Suppose 4*i = -3*m + 4157, 1400*m - 5*i - 2802 = 1398*m. What is the highest common factor of 856 and m?
107
Let x = 271 - 249. Suppose -26*l = -x*l - 2340. Calculate the greatest common factor of l and 65.
65
Let r(p) = -6*p - 4. Let s = -264 - -260. Let q be r(s). Calculate the greatest common factor of 40 and q.
20
Let x = 4863 + -4839. What is the highest common factor of x and 222?
6
Suppose 3*i - 8 - 19 = 5*m, -27 = -3*i - 3*m. Suppose 5*t + p = 764, -7*t + i*t - 2*p - 308 = 0. What is the greatest common divisor of t and 18?
9
Let u be -17 + 3 - 495/(-33). What is the greatest common factor of u and 107?
1
Suppose 0 = -2*s - s + 3*v + 264, -s - 4*v + 98 = 0. Calculate the greatest common divisor of 765 and s.
45
Suppose -17*l - 22815 = -20*l - 114*l. What is the greatest common divisor of l and 7475?
65
Let d = 13202 + -13153. Calculate the highest common factor of 8330 and d.
49
Let w be -3 - (360/9)/(-4)*19. What is the highest common divisor of 649 and w?
11
Suppose -4*j + 72 = 4*g, -g = -648 + 644. Calculate the greatest common factor of j and 1792.
14
Suppose -24 = -2*b - 3*z, 2*b = -2*z - 0*z + 22. Let m be 18/(-63) + (b/7 - -2). Suppose 129 + 39 = m*o. Calculate the highest common factor of o and 42.
14
Suppose 0 = 44*u - 43*u - 2. Suppose 4*r - 3*r - u = 0. Suppose -k + 274 = 2*s + k, -r*s + 292 = -4*k. What is the greatest common factor of s and 14?
14
Suppose -43*d + 25*d + 4590 = 0. Let u = d + -244. Calculate the greatest common factor of u and 319.
11
Let z = 108 - 104. Suppose -44 + 188 = z*h. What is the greatest common factor of 9 and h?
9
Let i = -64 - -76. Let y be ((-45)/i)/(66/(-6160)). What is the greatest common factor of 10 and y?
10
Suppose -10*f + 22961 = 17321. What is the greatest common factor of 114 and f?
6
Suppose -5*g - 254 = 4*z, -4*z + 0*g - 248 = 2*g. Let j = -67 - z. Let r be 4/(-3*(-4)/j) + 13. What is the highest common divisor of 176 and r?
11
Let a(j) = 2*j**3 + 3*j**2 + 26*j + 14. Let b be a(0). Calculate the highest common divisor of 298 and b.
2
Let y(b) = -348*b - 884. Let s be y(-3). Calculate the greatest common divisor of 10 and s.
10
Let c(j) be the second derivative of j**4/4 + j**3/6 + j**2/2 - j. Let k = -320 - -319. Let z be c(k). Calculate the greatest common divisor of 6 and z.
3
Let f(n) = 50*n**2 + 23*n - 7. Let w(k) = 51*k**2 + 20*k - 8. Let x(t) = -3*f(t) + 4*w(t). Let z be x(1). What is the highest common factor of z and 306?
18
Suppose 5*p = 5*d - 125, -3*d + 4*p + 79 = 3. Let c = 13 - -19. Calculate the greatest common factor of d and c.
8
Let z(s) = 5*s**2 + s + 19. Suppose -2*p + 5*i + 3 = -p, 3*p = 4*i - 13. Let y be z(p). Let h = y - 12. Calculate the greatest common factor of h and 49.
49
Let f = -962 + 647. Let o = f - -331. Let r be (2/4)/((-1)/(-32)). What is the greatest common divisor of o and r?
16
Let u = 26 + -39. Let j(h) = h**3 + 14*h**2 + 14*h + 1. Let o be j(u). Let b = o + 27. Calculate the greatest common divisor of b and 75.
15
Suppose -w - 4 = 0, a - 2*w = 2*a - 140. Suppose -a*i = -146*i - 38. What is the greatest common divisor of i and 304?
19
Let j(t) = -11*t - 83. Let i be j(-28). Suppose 128*v - 119*v - i = 0. Calculate the greatest common factor of v and 225.
25
Let j = 40 + -37. Suppose -5*b - 2*w + j*w + 47 = 0, 10 = 2*b + 4*w. Suppose 19*u - b = 16*u. Calculate the greatest common factor of u and 12.
3
Suppose 13*q - 15*q = -2*b + 8, -5*b + 2*q + 14 = 0. Suppose -b*x - 4*d + 4 = -d, x = -2*d. What is the greatest common divisor of x and 32?
8
Let f = 1082 - 657. What is the highest common divisor of 408 and f?
17
Let u be 10/75*33811 - (-2)/(-15). What is the highest common divisor of 245 and u?
49
Suppose 288*k - 1216*k = -5568. Let h = 159 - 105. Calculate the highest common divisor o